3) to base 7
413505
110001001010 (base 2) to base 10
3146
22a5 (base 11) to base 13
14b3
What is -5552 (base 10) in base 12?
-3268
Convert -45cb (base 14) to base 12.
-7033
-1bc7 (base 15) to base 10
-6037
Convert -30045 (base 12) to base 6.
-1200125
-cae8 (base 15) to base 10
-42968
-16375 (base 8) to base 11
-5637
What is 10040 (base 5) in base 6?
2553
What is 3012 (base 6) in base 14?
34c
Convert 9635 (base 10) to base 13.
4502
What is 739 (base 15) in base 6?
11313
-5db (base 14) to base 3
-1121110
What is 10607 (base 9) in base 16?
1b8e
-101110110 (base 2) to base 8
-566
What is -14520 (base 9) in base 8?
-23254
Convert -21a (base 12) to base 5.
-2220
What is -12606 (base 9) in base 5?
-233021
Convert 2052 (base 6) to base 16.
1d0
Convert -15b5 (base 14) to base 3.
-12022211
Convert 15042 (base 6) to base 7.
10001
What is -57 (base 9) in base 6?
-124
Convert 796a (base 13) to base 8.
41134
Convert -1372 (base 8) to base 7.
-2136
Convert 3442 (base 14) to base 7.
35312
-7635 (base 9) to base 14
-2097
Convert -1231 (base 5) to base 15.
-cb
What is 1515 (base 6) in base 11?
340
Convert 216 (base 16) to base 4.
20112
3405 (base 15) to base 8
25426
Convert 121201020 (base 3) to base 14.
4623
Convert 1ee (base 16) to base 7.
1304
What is 4024 (base 6) in base 7?
2365
What is a4 (base 14) in base 15?
99
-4035 (base 8) to base 2
-100000011101
Convert -3513 (base 6) to base 12.
-599
Convert 5827 (base 13) to base 14.
4718
4a3 (base 14) to base 11
773
Convert 11111110100 (base 2) to base 3.
2210102
Convert 5352 (base 6) to base 8.
2304
Convert -263 (base 15) to base 14.
-2ab
-2104 (base 7) to base 16
-2e3
Convert -e2 (base 16) to base 8.
-342
What is -256 (base 10) in base 16?
-100
What is 684b (base 12) in base 5?
332304
Convert 4201 (base 6) to base 8.
1651
Convert 1762 (base 10) to base 6.
12054
Convert 15170 (base 9) to base 14.
3ab4
42260 (base 8) to base 4
10102300
Convert -5144 (base 6) to base 2.
-10001111000
What is -25151 (base 8) in base 4?
-2221221
Convert -12145 (base 6) to base 2.
-11100000001
101001010001011 (base 2) to base 12
1028b
Convert 50201 (base 7) to base 2.
10111101001000
1163 (base 8) to base 5
10002
What is -b9 (base 13) in base 8?
-230
What is 112002001 (base 3) in base 7?
41626
Convert 116 (base 13) to base 12.
138
Convert 8a (base 14) to base 16.
7a
Convert 1233 (base 7) to base 9.
566
Convert bd12 (base 15) to base 10.
40067
2014430 (base 5) to base 4
13323222
11120 (base 4) to base 12
248
What is -86c (base 16) in base 6?
-13552
Convert -2131 (base 13) to base 4.
-1013323
What is -100110001110 (base 2) in base 12?
-14ba
3414 (base 10) to base 5
102124
Convert -123214 (base 5) to base 3.
-20121010
Convert -121 (base 11) to base 7.
-264
What is 1b (base 13) in base 3?
220
Convert 58b (base 16) to base 4.
112023
Convert 6898 (base 15) to base 10.
22193
What is -1559 (base 10) in base 6?
-11115
Convert -401 (base 13) to base 2.
-1010100101
2db6 (base 14) to base 10
8196
Convert -135014 (base 6) to base 15.
-3ba4
Convert -23065 (base 7) to base 13.
-28a2
111211100 (base 3) to base 11
7634
Convert -85a (base 16) to base 9.
-2835
What is 36182 (base 9) in base 4?
11322110
36 (base 12) to base 16
2a
Convert -10a2 (base 12) to base 16.
-73a
-4338 (base 12) to base 5
-214023
What is -b93 (base 13) in base 4?
-132323
What is 13305 (base 10) in base 5?
411210
Convert -12859 (base 12) to base 9.
-37766
-885 (base 15) to base 6
-12525
65001 (base 8) to base 4
12220001
What is 6cab (base 14) in base 11?
13283
-32514 (base 6) to base 16
-119e
7240 (base 8) to base 5
104434
What is 5499 (base 10) in base 11?
414a
What is -1124204 (base 5) in base 7?
-113632
What is -133306 (base 8) in base 14?
-130a2
-7136 (base 8) to base 9
-5036
What is -21b1 (base 15) in base 9?
-10714
903 (base 14) to base 13
a5c
-504 (base 7) to base 13
-162
-56618 (base 9) to base 5
-2201212
Convert 1c3 (base 13) to base 14.
196
What is -1121 (base 3) in base 7?
-61
What is -10101111110 (base 2) in base 12?
-992
-426 (base 11) to base 10
-512
What is 212103 (base 4) in base 11?
1929
Convert -1100000 (base 2) to base 6.
-240
What is 268b (base 13) in base 11?
4171
Convert 15805 (base 14) to base 6.
1052353
Convert -144 (base 6) to base 2.
-1000000
What is -15 (base 12) in base 3?
-122
-34047 (base 9) to base 13
-a3c9
Convert -20479 (base 11) to base 13.
-10784
109bc (base 13) to base 15
8e5c
What is -4742 (base 9) in base 10?
-3521
-10111011011010 (base 2) to base 9
-17406
Convert 10221122 (base 3) to base 7.
11252
What is -10100011 (base 2) in base 15?
-ad
Convert 22567 (base 9) to base 8.
35306
Convert 224 (base 15) to base 11.
400
Convert -1002112 (base 3) to base 8.
-1435
What is -231321 (base 8) in base 6?
-1403345
Convert 331 (base 12) to base 5.
3334
Convert -22cc (base 15) to base 2.
-1110011100000
Convert 130523 (base 6) to base 5.
334414
Convert 25874 (base 11) to base 3.
1212201212
What is 109 (base 10) in base 16?
6d
Convert -751 (base 13) to base 11.
-a36
Convert -88c (base 13) to base 14.
-76c
41342 (base 6) to base 5
134114
What is b2b5 (base 13) in base 14?
8dad
Convert 25011 (base 6) to base 11.
2845
-601 (base 11) to base 2
-1011010111
Convert -a8 (base 13) to base 14.
-9c
What is 100010110000 (base 2) in base 4?
202300
-820 (base 13) to base 10
-1378
18 (base 10) to base 6
30
-48871 (base 10) to base 15
-e731
711 (base 11) to base 7
2335
1399 (base 10) to base 5
21044
What is -5314 (base 11) in base 16?
-1b79
What is -26ab (base 15) in base 14?
-3021
Convert 24194 (base 10) to base 11.
171a5
1174 (base 8) to base 10
636
-a44 (base 12) to base 10
-1492
-1113 (base 7) to base 6
-1510
What is 771 (base 10) in base 12?
543
What is db2 (base 14) in base 9?
3634
What is 16076 (base 8) in base 4?
1300332
Convert -21220102 (base 3) to base 12.
-3402
Convert -2311 (base 6) to base 9.
-667
Convert -4107 (base 9) to base 7.
-11521
What is 1617 (base 9) in base 16?
4cf
What is -8851 (base 10) in base 13?
-404b
4adc (base 15) to base 4
3321111
Convert -17808 (base 12) to base 11.
-235a2
-183b (base 14) to base 7
-15504
-39ed (base 16) to base 5
-433304
Convert -6530 (base 8) to base 12.
-1b88
Convert -1001122 (base 3) to base 11.
-643
Convert 116 (base 15) to base 8.
366
What is 11100000110 (base 2) in base 13?
a84
317 (base 15) to base 6
3121
Convert -f18 (base 16) to base 9.
-5263
-8034 (base 9) to base 14
-21cb
What is 1aa8 (base 14) in base 12?
2984
What is 21333 (base 4) in base 8?
1177
What is 6cad (base 14) in base 12?
ab89
What is 4c7 (base 16) in base 14?
635
-c255 (base 14) to base 8
-101163
111100111001001 (base 2) to base 4
13213021
Convert -11c71 (base 14) to base 5.
-2343421
-2012003 (base 4) to base 9
-12682
Convert 13792 (base 12) to base 16.
699e
What is 1465 (base 7) in base 13?
361
3424 (base 10) to base 14
1368
1110322 (base 4) to base 10
5434
What is 31257 (base 10) in base 11?
21536
Convert -1430 (base 11) to base 7.
-5250
Convert 1112010 (base 3) to base 8.
2126
What is a4d (base 14) in base 9?
2704
806 (base 12) to base 16
486
Convert -1103 (base 5) to base 9.
-180
Convert -1203 (base 6) to base 9.
-353
What is 771 (base 9) in base 14?
331
Convert -2638 (base 13) to base 3.
-21111001
What is 9171 (base 13) in base 8?
47102
What is 248a (base 14) in base 12?
384a
Convert 653 (base 7) to base 5.
2312
What is -5343 (base 6) in base 11?
-a05
What is -1180 (base 10) in base 11?
-983
1022101 (base 4) to base 11
3631
Convert -1120 (base 13) to base 10.
-2392
-303030 (base 4) to base 12
-1a90
What is -1153 (base 7) in base 16?
-1ae
8961 (base 12) to base 13
6bb9
Convert -2000111110 (base 3) to base 14.
-1069b
Convert 20012 (base 3) to base 11.
142
-975 (base 10) to base 6
-4303
Convert 818 (base 15) to base 14.
943
Convert 1c8 (base 14) to base 3.
111210
2041 (base 5) to base 8
417
300 (base 15) to base 6
3043
-15238 (base 11) to base 9
-32536
Convert 21393 (base 10) to base 9.
32310
What is 186 (base 10) in base 14?
d4
-145 (base 11) to base 14
-c2
What is 1638 (base 9) in base 10?
1250
-333131 (base 5) to base 16
-2d92
4a4a (base 11) to base 14
2588
1203 (base 7) to base 9
543
Convert 2430 (base 5) to base 10.
365
-aa (base 15) to base 4
-2200
What is 3311301 (base 4) in base 6?
200453
What is 22171 (base 12) in base 15?
d5a7
1110100